{"id":4923,"date":"2024-04-21T16:04:48","date_gmt":"2024-04-21T14:04:48","guid":{"rendered":"https:\/\/makalo.site\/?page_id=4923"},"modified":"2025-09-19T14:30:59","modified_gmt":"2025-09-19T12:30:59","slug":"collages-serie-mer","status":"publish","type":"page","link":"https:\/\/makalo.site\/?page_id=4923","title":{"rendered":"SERIE MER"},"content":{"rendered":"\t\t<div data-elementor-type=\"wp-page\" data-elementor-id=\"4923\" class=\"elementor elementor-4923\">\n\t\t\t\t\t\t<section class=\"elementor-section elementor-top-section elementor-element elementor-element-8043247 elementor-section-boxed elementor-section-height-default elementor-section-height-default\" data-id=\"8043247\" data-element_type=\"section\">\n\t\t\t\t\t\t<div class=\"elementor-container elementor-column-gap-default\">\n\t\t\t\t\t<div class=\"elementor-column elementor-col-100 elementor-top-column elementor-element elementor-element-d294c76\" data-id=\"d294c76\" data-element_type=\"column\">\n\t\t\t<div class=\"elementor-widget-wrap elementor-element-populated\">\n\t\t\t\t\t\t<div class=\"elementor-element elementor-element-37dce65 elementor-widget elementor-widget-image\" data-id=\"37dce65\" data-element_type=\"widget\" data-widget_type=\"image.default\">\n\t\t\t\t<div class=\"elementor-widget-container\">\n\t\t\t\t\t\t\t\t\t\t\t\t<figure class=\"wp-caption\">\n\t\t\t\t\t\t\t\t\t\t<img fetchpriority=\"high\" decoding=\"async\" width=\"1024\" height=\"297\" src=\"https:\/\/makalo.site\/wp-content\/uploads\/2024\/11\/poisson-maldive-120x40-1-1024x297.jpg\" class=\"attachment-large size-large wp-image-5547\" alt=\"\" srcset=\"https:\/\/makalo.site\/wp-content\/uploads\/2024\/11\/poisson-maldive-120x40-1-1024x297.jpg 1024w, https:\/\/makalo.site\/wp-content\/uploads\/2024\/11\/poisson-maldive-120x40-1-300x87.jpg 300w, https:\/\/makalo.site\/wp-content\/uploads\/2024\/11\/poisson-maldive-120x40-1-150x43.jpg 150w, https:\/\/makalo.site\/wp-content\/uploads\/2024\/11\/poisson-maldive-120x40-1-768x223.jpg 768w, https:\/\/makalo.site\/wp-content\/uploads\/2024\/11\/poisson-maldive-120x40-1-1536x445.jpg 1536w, https:\/\/makalo.site\/wp-content\/uploads\/2024\/11\/poisson-maldive-120x40-1-2048x594.jpg 2048w\" sizes=\"(max-width: 1024px) 100vw, 1024px\" \/>\t\t\t\t\t\t\t\t\t\t\t<figcaption class=\"widget-image-caption wp-caption-text\">Poisson Maldive \n120x40<\/figcaption>\n\t\t\t\t\t\t\t\t\t\t<\/figure>\n\t\t\t\t\t\t\t\t\t<\/div>\n\t\t\t\t<\/div>\n\t\t\t\t<div class=\"elementor-element elementor-element-e151587 elementor-widget elementor-widget-image\" data-id=\"e151587\" data-element_type=\"widget\" data-widget_type=\"image.default\">\n\t\t\t\t<div class=\"elementor-widget-container\">\n\t\t\t\t\t\t\t\t\t\t\t\t<figure class=\"wp-caption\">\n\t\t\t\t\t\t\t\t\t\t<img decoding=\"async\" width=\"1024\" height=\"341\" src=\"https:\/\/makalo.site\/wp-content\/uploads\/2024\/11\/Fenetres-sur-les-fosses-marines-100x40-1-1024x341.jpg\" class=\"attachment-large size-large wp-image-5546\" alt=\"\" srcset=\"https:\/\/makalo.site\/wp-content\/uploads\/2024\/11\/Fenetres-sur-les-fosses-marines-100x40-1-1024x341.jpg 1024w, https:\/\/makalo.site\/wp-content\/uploads\/2024\/11\/Fenetres-sur-les-fosses-marines-100x40-1-300x100.jpg 300w, https:\/\/makalo.site\/wp-content\/uploads\/2024\/11\/Fenetres-sur-les-fosses-marines-100x40-1-150x50.jpg 150w, https:\/\/makalo.site\/wp-content\/uploads\/2024\/11\/Fenetres-sur-les-fosses-marines-100x40-1-768x255.jpg 768w, https:\/\/makalo.site\/wp-content\/uploads\/2024\/11\/Fenetres-sur-les-fosses-marines-100x40-1-1536x511.jpg 1536w, https:\/\/makalo.site\/wp-content\/uploads\/2024\/11\/Fenetres-sur-les-fosses-marines-100x40-1-2048x681.jpg 2048w\" sizes=\"(max-width: 1024px) 100vw, 1024px\" \/>\t\t\t\t\t\t\t\t\t\t\t<figcaption class=\"widget-image-caption wp-caption-text\">Fen\u00eatres sur les fosses marines\n100x40<\/figcaption>\n\t\t\t\t\t\t\t\t\t\t<\/figure>\n\t\t\t\t\t\t\t\t\t<\/div>\n\t\t\t\t<\/div>\n\t\t\t\t<div class=\"elementor-element elementor-element-e8ec5bd elementor-widget elementor-widget-image\" data-id=\"e8ec5bd\" data-element_type=\"widget\" data-widget_type=\"image.default\">\n\t\t\t\t<div class=\"elementor-widget-container\">\n\t\t\t\t\t\t\t\t\t\t\t\t<figure class=\"wp-caption\">\n\t\t\t\t\t\t\t\t\t\t<img decoding=\"async\" width=\"1024\" height=\"303\" src=\"https:\/\/makalo.site\/wp-content\/uploads\/2024\/11\/poisson-turquoise-120x40-1-1024x303.jpg\" class=\"attachment-large size-large wp-image-5548\" alt=\"\" srcset=\"https:\/\/makalo.site\/wp-content\/uploads\/2024\/11\/poisson-turquoise-120x40-1-1024x303.jpg 1024w, https:\/\/makalo.site\/wp-content\/uploads\/2024\/11\/poisson-turquoise-120x40-1-300x89.jpg 300w, https:\/\/makalo.site\/wp-content\/uploads\/2024\/11\/poisson-turquoise-120x40-1-150x44.jpg 150w, https:\/\/makalo.site\/wp-content\/uploads\/2024\/11\/poisson-turquoise-120x40-1-768x227.jpg 768w, https:\/\/makalo.site\/wp-content\/uploads\/2024\/11\/poisson-turquoise-120x40-1-1536x454.jpg 1536w, https:\/\/makalo.site\/wp-content\/uploads\/2024\/11\/poisson-turquoise-120x40-1-2048x606.jpg 2048w\" sizes=\"(max-width: 1024px) 100vw, 1024px\" \/>\t\t\t\t\t\t\t\t\t\t\t<figcaption class=\"widget-image-caption wp-caption-text\">Poisson pris dans les d\u00e9chets 120x40<\/figcaption>\n\t\t\t\t\t\t\t\t\t\t<\/figure>\n\t\t\t\t\t\t\t\t\t<\/div>\n\t\t\t\t<\/div>\n\t\t\t\t<div class=\"elementor-element elementor-element-a082fb9 elementor-widget elementor-widget-image-gallery\" data-id=\"a082fb9\" data-element_type=\"widget\" data-widget_type=\"image-gallery.default\">\n\t\t\t\t<div class=\"elementor-widget-container\">\n\t\t\t\t\t\t\t<div class=\"elementor-image-gallery\">\n\t\t\t<div id='gallery-1' class='gallery galleryid-4923 gallery-columns-2 gallery-size-medium'><figure class='gallery-item'>\n\t\t\t<div class='gallery-icon landscape'>\n\t\t\t\t<a data-elementor-open-lightbox=\"yes\" data-elementor-lightbox-slideshow=\"a082fb9\" data-elementor-lightbox-title=\"Bord de mer villa du sud 30x42\" data-e-action-hash=\"#elementor-action%3Aaction%3Dlightbox%26settings%3DeyJpZCI6NTU0MiwidXJsIjoiaHR0cHM6XC9cL21ha2Fsby5zaXRlXC93cC1jb250ZW50XC91cGxvYWRzXC8yMDI0XC8xMVwvQm9yZC1kZS1tZXItdmlsbGEtZHUtc3VkLTMweDQyLTEtc2NhbGVkLmpwZyIsInNsaWRlc2hvdyI6ImEwODJmYjkifQ%3D%3D\" href='https:\/\/makalo.site\/wp-content\/uploads\/2024\/11\/Bord-de-mer-villa-du-sud-30x42-1-scaled.jpg'><img loading=\"lazy\" decoding=\"async\" width=\"300\" height=\"214\" src=\"https:\/\/makalo.site\/wp-content\/uploads\/2024\/11\/Bord-de-mer-villa-du-sud-30x42-1-300x214.jpg\" class=\"attachment-medium size-medium\" alt=\"\" aria-describedby=\"gallery-1-5542\" srcset=\"https:\/\/makalo.site\/wp-content\/uploads\/2024\/11\/Bord-de-mer-villa-du-sud-30x42-1-300x214.jpg 300w, https:\/\/makalo.site\/wp-content\/uploads\/2024\/11\/Bord-de-mer-villa-du-sud-30x42-1-1024x729.jpg 1024w, https:\/\/makalo.site\/wp-content\/uploads\/2024\/11\/Bord-de-mer-villa-du-sud-30x42-1-150x107.jpg 150w, https:\/\/makalo.site\/wp-content\/uploads\/2024\/11\/Bord-de-mer-villa-du-sud-30x42-1-768x547.jpg 768w, https:\/\/makalo.site\/wp-content\/uploads\/2024\/11\/Bord-de-mer-villa-du-sud-30x42-1-1536x1094.jpg 1536w, https:\/\/makalo.site\/wp-content\/uploads\/2024\/11\/Bord-de-mer-villa-du-sud-30x42-1-2048x1459.jpg 2048w\" sizes=\"(max-width: 300px) 100vw, 300px\" \/><\/a>\n\t\t\t<\/div>\n\t\t\t\t<figcaption class='wp-caption-text gallery-caption' id='gallery-1-5542'>\n\t\t\t\tBord de mer villa du sud \n42&#215;52\n\t\t\t\t<\/figcaption><\/figure><figure class='gallery-item'>\n\t\t\t<div class='gallery-icon landscape'>\n\t\t\t\t<a data-elementor-open-lightbox=\"yes\" data-elementor-lightbox-slideshow=\"a082fb9\" data-elementor-lightbox-title=\"R\u00eave de mer illustr\u00e9e d\u00e9chain\u00e9e 21x30\" data-e-action-hash=\"#elementor-action%3Aaction%3Dlightbox%26settings%3DeyJpZCI6NTU0MywidXJsIjoiaHR0cHM6XC9cL21ha2Fsby5zaXRlXC93cC1jb250ZW50XC91cGxvYWRzXC8yMDI0XC8xMVwvUmV2ZS1kZS1tZXItaWxsdXN0cmVlLWRlY2hhaW5lZS0yMXgzMC0xLXNjYWxlZC5qcGciLCJzbGlkZXNob3ciOiJhMDgyZmI5In0%3D\" href='https:\/\/makalo.site\/wp-content\/uploads\/2024\/11\/Reve-de-mer-illustree-dechainee-21x30-1-scaled.jpg'><img loading=\"lazy\" decoding=\"async\" width=\"300\" height=\"207\" src=\"https:\/\/makalo.site\/wp-content\/uploads\/2024\/11\/Reve-de-mer-illustree-dechainee-21x30-1-300x207.jpg\" class=\"attachment-medium size-medium\" alt=\"\" aria-describedby=\"gallery-1-5543\" srcset=\"https:\/\/makalo.site\/wp-content\/uploads\/2024\/11\/Reve-de-mer-illustree-dechainee-21x30-1-300x207.jpg 300w, https:\/\/makalo.site\/wp-content\/uploads\/2024\/11\/Reve-de-mer-illustree-dechainee-21x30-1-1024x705.jpg 1024w, https:\/\/makalo.site\/wp-content\/uploads\/2024\/11\/Reve-de-mer-illustree-dechainee-21x30-1-150x103.jpg 150w, https:\/\/makalo.site\/wp-content\/uploads\/2024\/11\/Reve-de-mer-illustree-dechainee-21x30-1-768x529.jpg 768w, https:\/\/makalo.site\/wp-content\/uploads\/2024\/11\/Reve-de-mer-illustree-dechainee-21x30-1-1536x1058.jpg 1536w, https:\/\/makalo.site\/wp-content\/uploads\/2024\/11\/Reve-de-mer-illustree-dechainee-21x30-1-2048x1411.jpg 2048w\" sizes=\"(max-width: 300px) 100vw, 300px\" \/><\/a>\n\t\t\t<\/div>\n\t\t\t\t<figcaption class='wp-caption-text gallery-caption' id='gallery-1-5543'>\n\t\t\t\tMer illustr\u00e9e d\u00e9chain\u00e9e 30&#215;40\n\t\t\t\t<\/figcaption><\/figure><figure class='gallery-item'>\n\t\t\t<div class='gallery-icon landscape'>\n\t\t\t\t<a data-elementor-open-lightbox=\"yes\" data-elementor-lightbox-slideshow=\"a082fb9\" data-elementor-lightbox-title=\"Banc de poissons 21x30\" data-e-action-hash=\"#elementor-action%3Aaction%3Dlightbox%26settings%3DeyJpZCI6NDQxOCwidXJsIjoiaHR0cHM6XC9cL21ha2Fsby5zaXRlXC93cC1jb250ZW50XC91cGxvYWRzXC8yMDIzXC8xMVwvMTcwMDMyMzcxNjkzMy5qcGciLCJzbGlkZXNob3ciOiJhMDgyZmI5In0%3D\" href='https:\/\/makalo.site\/wp-content\/uploads\/2023\/11\/1700323716933.jpg'><img loading=\"lazy\" decoding=\"async\" width=\"300\" height=\"217\" src=\"https:\/\/makalo.site\/wp-content\/uploads\/2023\/11\/1700323716933-scaled-e1700323908424-300x217.jpg\" class=\"attachment-medium size-medium\" alt=\"\" aria-describedby=\"gallery-1-4418\" srcset=\"https:\/\/makalo.site\/wp-content\/uploads\/2023\/11\/1700323716933-scaled-e1700323908424-300x217.jpg 300w, https:\/\/makalo.site\/wp-content\/uploads\/2023\/11\/1700323716933-scaled-e1700323908424-1024x742.jpg 1024w, https:\/\/makalo.site\/wp-content\/uploads\/2023\/11\/1700323716933-scaled-e1700323908424-150x109.jpg 150w, https:\/\/makalo.site\/wp-content\/uploads\/2023\/11\/1700323716933-scaled-e1700323908424-768x556.jpg 768w, https:\/\/makalo.site\/wp-content\/uploads\/2023\/11\/1700323716933-scaled-e1700323908424-1536x1112.jpg 1536w, https:\/\/makalo.site\/wp-content\/uploads\/2023\/11\/1700323716933-scaled-e1700323908424-2048x1483.jpg 2048w, https:\/\/makalo.site\/wp-content\/uploads\/2023\/11\/1700323716933-scaled-e1700323908424-1240x898.jpg 1240w, https:\/\/makalo.site\/wp-content\/uploads\/2023\/11\/1700323716933-scaled-e1700323908424-508x368.jpg 508w\" sizes=\"(max-width: 300px) 100vw, 300px\" \/><\/a>\n\t\t\t<\/div>\n\t\t\t\t<figcaption class='wp-caption-text gallery-caption' id='gallery-1-4418'>\n\t\t\t\tBanc de poissons 30&#215;40\n\t\t\t\t<\/figcaption><\/figure><figure class='gallery-item'>\n\t\t\t<div class='gallery-icon landscape'>\n\t\t\t\t<a data-elementor-open-lightbox=\"yes\" data-elementor-lightbox-slideshow=\"a082fb9\" data-elementor-lightbox-title=\"Poisson lune cara\u00efbe 42x30\" data-e-action-hash=\"#elementor-action%3Aaction%3Dlightbox%26settings%3DeyJpZCI6NDM3MywidXJsIjoiaHR0cHM6XC9cL21ha2Fsby5zaXRlXC93cC1jb250ZW50XC91cGxvYWRzXC8yMDIzXC8xMFwvUG9pc3Nvbi1sdW5lLWNhcmFpYmUtNDJ4MzAtMS1zY2FsZWQuanBnIiwic2xpZGVzaG93IjoiYTA4MmZiOSJ9\" href='https:\/\/makalo.site\/wp-content\/uploads\/2023\/10\/Poisson-lune-caraibe-42x30-1-scaled.jpg'><img loading=\"lazy\" decoding=\"async\" width=\"300\" height=\"213\" src=\"https:\/\/makalo.site\/wp-content\/uploads\/2023\/10\/Poisson-lune-caraibe-42x30-1-300x213.jpg\" class=\"attachment-medium size-medium\" alt=\"\" aria-describedby=\"gallery-1-4373\" srcset=\"https:\/\/makalo.site\/wp-content\/uploads\/2023\/10\/Poisson-lune-caraibe-42x30-1-300x213.jpg 300w, https:\/\/makalo.site\/wp-content\/uploads\/2023\/10\/Poisson-lune-caraibe-42x30-1-1024x728.jpg 1024w, https:\/\/makalo.site\/wp-content\/uploads\/2023\/10\/Poisson-lune-caraibe-42x30-1-150x107.jpg 150w, https:\/\/makalo.site\/wp-content\/uploads\/2023\/10\/Poisson-lune-caraibe-42x30-1-768x546.jpg 768w, https:\/\/makalo.site\/wp-content\/uploads\/2023\/10\/Poisson-lune-caraibe-42x30-1-1536x1092.jpg 1536w, https:\/\/makalo.site\/wp-content\/uploads\/2023\/10\/Poisson-lune-caraibe-42x30-1-2048x1457.jpg 2048w, https:\/\/makalo.site\/wp-content\/uploads\/2023\/10\/Poisson-lune-caraibe-42x30-1-1240x882.jpg 1240w, https:\/\/makalo.site\/wp-content\/uploads\/2023\/10\/Poisson-lune-caraibe-42x30-1-508x361.jpg 508w\" sizes=\"(max-width: 300px) 100vw, 300px\" \/><\/a>\n\t\t\t<\/div>\n\t\t\t\t<figcaption class='wp-caption-text gallery-caption' id='gallery-1-4373'>\n\t\t\t\tPoisson lune 30&#215;40\n\t\t\t\t<\/figcaption><\/figure><figure class='gallery-item'>\n\t\t\t<div class='gallery-icon landscape'>\n\t\t\t\t<a data-elementor-open-lightbox=\"yes\" data-elementor-lightbox-slideshow=\"a082fb9\" data-elementor-lightbox-title=\"Poisson plongeant 30x42\" data-e-action-hash=\"#elementor-action%3Aaction%3Dlightbox%26settings%3DeyJpZCI6NDQxOSwidXJsIjoiaHR0cHM6XC9cL21ha2Fsby5zaXRlXC93cC1jb250ZW50XC91cGxvYWRzXC8yMDIzXC8xMVwvUG9pc3Nvbi1wbG9uZ2VhbnQtMzB4NDItMS1zY2FsZWQuanBnIiwic2xpZGVzaG93IjoiYTA4MmZiOSJ9\" href='https:\/\/makalo.site\/wp-content\/uploads\/2023\/11\/Poisson-plongeant-30x42-1-scaled.jpg'><img loading=\"lazy\" decoding=\"async\" width=\"300\" height=\"207\" src=\"https:\/\/makalo.site\/wp-content\/uploads\/2023\/11\/Poisson-plongeant-30x42-1-300x207.jpg\" class=\"attachment-medium size-medium\" alt=\"\" aria-describedby=\"gallery-1-4419\" srcset=\"https:\/\/makalo.site\/wp-content\/uploads\/2023\/11\/Poisson-plongeant-30x42-1-300x207.jpg 300w, https:\/\/makalo.site\/wp-content\/uploads\/2023\/11\/Poisson-plongeant-30x42-1-1024x708.jpg 1024w, https:\/\/makalo.site\/wp-content\/uploads\/2023\/11\/Poisson-plongeant-30x42-1-150x104.jpg 150w, https:\/\/makalo.site\/wp-content\/uploads\/2023\/11\/Poisson-plongeant-30x42-1-768x531.jpg 768w, https:\/\/makalo.site\/wp-content\/uploads\/2023\/11\/Poisson-plongeant-30x42-1-1536x1062.jpg 1536w, https:\/\/makalo.site\/wp-content\/uploads\/2023\/11\/Poisson-plongeant-30x42-1-2048x1416.jpg 2048w, https:\/\/makalo.site\/wp-content\/uploads\/2023\/11\/Poisson-plongeant-30x42-1-1240x858.jpg 1240w, https:\/\/makalo.site\/wp-content\/uploads\/2023\/11\/Poisson-plongeant-30x42-1-508x351.jpg 508w\" sizes=\"(max-width: 300px) 100vw, 300px\" \/><\/a>\n\t\t\t<\/div>\n\t\t\t\t<figcaption class='wp-caption-text gallery-caption' id='gallery-1-4419'>\n\t\t\t\tPoisson plongeant 30&#215;42\n\t\t\t\t<\/figcaption><\/figure><figure class='gallery-item'>\n\t\t\t<div class='gallery-icon portrait'>\n\t\t\t\t<a data-elementor-open-lightbox=\"yes\" data-elementor-lightbox-slideshow=\"a082fb9\" data-elementor-lightbox-title=\"Poissons volent 21X42\" data-e-action-hash=\"#elementor-action%3Aaction%3Dlightbox%26settings%3DeyJpZCI6NDI0OCwidXJsIjoiaHR0cHM6XC9cL21ha2Fsby5zaXRlXC93cC1jb250ZW50XC91cGxvYWRzXC8yMDIzXC8wOVwvMTY5NjA4MDA4NTI3MC1lMTcxMzcwODQ4NDk5My5qcGciLCJzbGlkZXNob3ciOiJhMDgyZmI5In0%3D\" href='https:\/\/makalo.site\/wp-content\/uploads\/2023\/09\/1696080085270-e1713708484993.jpg'><img loading=\"lazy\" decoding=\"async\" width=\"254\" height=\"300\" src=\"https:\/\/makalo.site\/wp-content\/uploads\/2023\/09\/1696080085270-e1713708484993-254x300.jpg\" class=\"attachment-medium size-medium\" alt=\"\" aria-describedby=\"gallery-1-4248\" srcset=\"https:\/\/makalo.site\/wp-content\/uploads\/2023\/09\/1696080085270-e1713708484993-254x300.jpg 254w, https:\/\/makalo.site\/wp-content\/uploads\/2023\/09\/1696080085270-e1713708484993-868x1024.jpg 868w, https:\/\/makalo.site\/wp-content\/uploads\/2023\/09\/1696080085270-e1713708484993-127x150.jpg 127w, https:\/\/makalo.site\/wp-content\/uploads\/2023\/09\/1696080085270-e1713708484993-768x906.jpg 768w, https:\/\/makalo.site\/wp-content\/uploads\/2023\/09\/1696080085270-e1713708484993-1303x1536.jpg 1303w, https:\/\/makalo.site\/wp-content\/uploads\/2023\/09\/1696080085270-e1713708484993-1737x2048.jpg 1737w, https:\/\/makalo.site\/wp-content\/uploads\/2023\/09\/1696080085270-e1713708484993.jpg 1965w\" sizes=\"(max-width: 254px) 100vw, 254px\" \/><\/a>\n\t\t\t<\/div>\n\t\t\t\t<figcaption class='wp-caption-text gallery-caption' id='gallery-1-4248'>\n\t\t\t\tPoissons volent 21X42\n\t\t\t\t<\/figcaption><\/figure><figure class='gallery-item'>\n\t\t\t<div class='gallery-icon portrait'>\n\t\t\t\t<a data-elementor-open-lightbox=\"yes\" data-elementor-lightbox-slideshow=\"a082fb9\" data-elementor-lightbox-title=\"R\u00eave de mer Phare au clair de lune 21x30\" data-e-action-hash=\"#elementor-action%3Aaction%3Dlightbox%26settings%3DeyJpZCI6NTU0NCwidXJsIjoiaHR0cHM6XC9cL21ha2Fsby5zaXRlXC93cC1jb250ZW50XC91cGxvYWRzXC8yMDI0XC8xMVwvUmV2ZS1kZS1tZXItUGhhcmUtYXUtY2xhaXItZGUtbHVuZS0yMXgzMC0xLXNjYWxlZC5qcGciLCJzbGlkZXNob3ciOiJhMDgyZmI5In0%3D\" href='https:\/\/makalo.site\/wp-content\/uploads\/2024\/11\/Reve-de-mer-Phare-au-clair-de-lune-21x30-1-scaled.jpg'><img loading=\"lazy\" decoding=\"async\" width=\"211\" height=\"300\" src=\"https:\/\/makalo.site\/wp-content\/uploads\/2024\/11\/Reve-de-mer-Phare-au-clair-de-lune-21x30-1-211x300.jpg\" class=\"attachment-medium size-medium\" alt=\"\" aria-describedby=\"gallery-1-5544\" srcset=\"https:\/\/makalo.site\/wp-content\/uploads\/2024\/11\/Reve-de-mer-Phare-au-clair-de-lune-21x30-1-211x300.jpg 211w, https:\/\/makalo.site\/wp-content\/uploads\/2024\/11\/Reve-de-mer-Phare-au-clair-de-lune-21x30-1-719x1024.jpg 719w, https:\/\/makalo.site\/wp-content\/uploads\/2024\/11\/Reve-de-mer-Phare-au-clair-de-lune-21x30-1-105x150.jpg 105w, https:\/\/makalo.site\/wp-content\/uploads\/2024\/11\/Reve-de-mer-Phare-au-clair-de-lune-21x30-1-768x1093.jpg 768w, https:\/\/makalo.site\/wp-content\/uploads\/2024\/11\/Reve-de-mer-Phare-au-clair-de-lune-21x30-1-1079x1536.jpg 1079w, https:\/\/makalo.site\/wp-content\/uploads\/2024\/11\/Reve-de-mer-Phare-au-clair-de-lune-21x30-1-1439x2048.jpg 1439w, https:\/\/makalo.site\/wp-content\/uploads\/2024\/11\/Reve-de-mer-Phare-au-clair-de-lune-21x30-1-scaled.jpg 1799w\" sizes=\"(max-width: 211px) 100vw, 211px\" \/><\/a>\n\t\t\t<\/div>\n\t\t\t\t<figcaption class='wp-caption-text gallery-caption' id='gallery-1-5544'>\n\t\t\t\tR\u00eave de mer Phare au clair de lune \n30&#215;40\n\t\t\t\t<\/figcaption><\/figure>\n\t\t<\/div>\n\t\t<\/div>\n\t\t\t\t\t\t<\/div>\n\t\t\t\t<\/div>\n\t\t\t\t\t<\/div>\n\t\t<\/div>\n\t\t\t\t\t<\/div>\n\t\t<\/section>\n\t\t\t\t<section class=\"elementor-section elementor-top-section elementor-element elementor-element-bb72205 elementor-section-boxed elementor-section-height-default elementor-section-height-default\" data-id=\"bb72205\" data-element_type=\"section\">\n\t\t\t\t\t\t<div class=\"elementor-container elementor-column-gap-default\">\n\t\t\t\t\t<div class=\"elementor-column elementor-col-100 elementor-top-column elementor-element elementor-element-7a0a94a\" data-id=\"7a0a94a\" data-element_type=\"column\">\n\t\t\t<div class=\"elementor-widget-wrap\">\n\t\t\t\t\t\t\t<\/div>\n\t\t<\/div>\n\t\t\t\t\t<\/div>\n\t\t<\/section>\n\t\t\t\t<\/div>\n\t\t","protected":false},"excerpt":{"rendered":"<p>Poisson Maldive 120&#215;40 Fen\u00eatres sur les fosses marines 100&#215;40 Poisson pris dans les d\u00e9chets 120&#215;40 Bord de mer villa du sud 42&#215;52 Mer illustr\u00e9e d\u00e9chain\u00e9e 30&#215;40 Banc de poissons 30&#215;40 Poisson lune 30&#215;40 Poisson plongeant 30&#215;42 Poissons volent 21X42 R\u00eave de mer Phare au clair de lune 30&#215;40<\/p>\n","protected":false},"author":1,"featured_media":0,"parent":2,"menu_order":0,"comment_status":"closed","ping_status":"closed","template":"templates\/template_page-full-width.php","meta":{"om_disable_all_campaigns":false,"_monsterinsights_skip_tracking":false,"_monsterinsights_sitenote_active":false,"_monsterinsights_sitenote_note":"","_monsterinsights_sitenote_category":0,"footnotes":""},"class_list":["post-4923","page","type-page","status-publish","hentry"],"aioseo_notices":[],"_links":{"self":[{"href":"https:\/\/makalo.site\/index.php?rest_route=\/wp\/v2\/pages\/4923","targetHints":{"allow":["GET"]}}],"collection":[{"href":"https:\/\/makalo.site\/index.php?rest_route=\/wp\/v2\/pages"}],"about":[{"href":"https:\/\/makalo.site\/index.php?rest_route=\/wp\/v2\/types\/page"}],"author":[{"embeddable":true,"href":"https:\/\/makalo.site\/index.php?rest_route=\/wp\/v2\/users\/1"}],"replies":[{"embeddable":true,"href":"https:\/\/makalo.site\/index.php?rest_route=%2Fwp%2Fv2%2Fcomments&post=4923"}],"version-history":[{"count":11,"href":"https:\/\/makalo.site\/index.php?rest_route=\/wp\/v2\/pages\/4923\/revisions"}],"predecessor-version":[{"id":5902,"href":"https:\/\/makalo.site\/index.php?rest_route=\/wp\/v2\/pages\/4923\/revisions\/5902"}],"up":[{"embeddable":true,"href":"https:\/\/makalo.site\/index.php?rest_route=\/wp\/v2\/pages\/2"}],"wp:attachment":[{"href":"https:\/\/makalo.site\/index.php?rest_route=%2Fwp%2Fv2%2Fmedia&parent=4923"}],"curies":[{"name":"wp","href":"https:\/\/api.w.org\/{rel}","templated":true}]}}